9843)) a composite number?
False
Is 12/9 + -188134*(-5)/30 a prime number?
True
Suppose -5*d + 683 = -607. Let l be 1 - (14*12 - 0). Let t = l + d. Is t composite?
True
Let l = 16 - 14. Is ((3352/l)/(-4))/(-1) prime?
True
Let i(z) = -2*z**2 - 2*z + 2. Let d be i(-4). Let v = d + 33. Suppose v*t = 8*t + 717. Is t a composite number?
False
Suppose -4*q + 651 = -2989. Is (-4 - -3) + -2 + q a composite number?
False
Let u = 1316 - 607. Is u composite?
False
Is (-2)/(18/88101)*(-1)/3 composite?
True
Let h be (2 + 0)/(5/24135). Suppose -3*p + h = -5757. Is p prime?
False
Suppose 5567 - 413 = 2*g + 4*b, 3*g - 7732 = -5*b. Is g prime?
True
Let v(o) = 3*o**3 - 3*o**2 - 2*o - 3. Suppose -f - 26 = -5*f - 3*l, 4*f + 5*l = 30. Is v(f) a composite number?
True
Let n = -335 - -490. Let v = -98 + n. Is v composite?
True
Let k(n) = -16*n**3 - 6*n**2 - 4*n - 13. Is k(-9) a prime number?
False
Let f = 36 + -27. Let d(u) = 2*u**2 + 10*u + 1. Is d(f) prime?
False
Let i = 61 + -57. Suppose i*c - 795 = -c. Is c a prime number?
False
Suppose -347 = -5*m + 2*h + 4314, 5*m = -3*h + 4646. Suppose -7*c - 3*v = -2*c - m, 0 = c + 2*v - 189. Is c a composite number?
True
Let x = -11636 - -7028. Let g = x + 2827. Let a = g - -2544. Is a prime?
False
Is (-7 + (-247)/(-38))*(-87457 + -1) composite?
True
Is (2 - 10286/(-14)) + (-12)/(-42) prime?
False
Let x = 113 + -119. Is x + 23835/27 - (-2)/9 composite?
False
Let t be ((-6)/8)/((-2)/8). Suppose -5*s - 14 - 3 = k, 0 = t*k - 5*s - 29. Suppose -74 = -k*f + 2*f. Is f a prime number?
False
Suppose 5*n = -2*k + 10361, 3*n + 8290 = 7*n + 2*k. Suppose n = 2*x - 5*o, 2*x + 2*o = -x + 3135. Is x composite?
True
Let q(m) = -m**3 + 4*m**2 + 17*m + 9. Is q(-11) a prime number?
True
Suppose -4*l + 3*u = -137302, -9*l + 10*l + 4*u - 34335 = 0. Is l prime?
True
Let d(q) = 3*q**3 - 49*q**2 - 41*q - 50. Is d(23) a composite number?
False
Is 37755/27 - (-6)/9 prime?
True
Suppose 3*b = -5*i + 14084, i + 3*b - 2486 = 338. Is i a composite number?
True
Let z(u) = 0 - 2 + 0 + 27*u - 8. Let a be (9/6)/((-6)/(-32)). Is z(a) composite?
True
Suppose 45*v - 1219658 = 23*v. Is v prime?
True
Suppose 35*f - 162204 = -7*f. Is f prime?
False
Let j(a) = 4*a**2 + 16*a + 12. Let y be j(-7). Let i = 279 - y. Is i a prime number?
False
Suppose 0 = -y - 2*f - 118, -3*y + f + 2*f - 372 = 0. Suppose v + 2*j - 257 = 2*v, -v - j - 254 = 0. Let s = y - v. Is s composite?
True
Let q = 5613 - -6836. Is q a prime number?
False
Suppose i - 24 = -25. Is 587/((-2)/2*i) prime?
True
Is 2/(-10) + 0 - (-1404)/45 prime?
True
Let x(p) = 48*p + 13. Let t be x(7). Suppose 3*s - t = 458. Is s prime?
True
Let b be (-220887)/(-63) + (-1)/7. Let q = b - 2347. Is q prime?
False
Let u(w) = -w**2 - 5*w - 1. Suppose 0 = -2*l - 8. Let f be u(l). Suppose -f*q = -2*y + 1054, -2*y - 2*q = 2*y - 2076. Is y composite?
False
Let v(c) = 9*c**2 - 24*c - 14. Suppose -5*h = 5*x - 65, -2*x = h + x - 5. Is v(h) a composite number?
False
Suppose 0*z + 20 = -5*z. Let d(k) = -13*k**3 + 3*k**2 - 1. Let o(b) = -b**3 - b**2 - b + 1. Let y(i) = z*o(i) - d(i). Is y(2) a prime number?
False
Is 281409/4 - -6*(-5)/24 composite?
False
Suppose 7*f = 5*f - 6, -3*t + 89148 = f. Is t a composite number?
False
Suppose 8*f = 7*f - 4. Let y be f/2 - -10 - 4. Suppose 78 = -y*c + 658. Is c a prime number?
False
Suppose 0 = 2*m + m. Let v(x) = x**3 + 2*x**2 + 18*x + 66. Let a be v(-3). Suppose m = a*q - 70 + 13. Is q composite?
False
Let f be (2 + -4)*(2 - 4). Suppose -p = -5*g + 2*p + 143, 116 = f*g - 4*p. Let c = 62 - g. Is c a prime number?
False
Let h(p) = 612*p. Let d(g) = -1. Let r(u) = -d(u) + h(u). Is r(1) composite?
False
Let h(s) = -s - 2. Let z(f) = -f**3 + 12*f**2 + 14*f - 18. Let g be z(13). Let d be h(g). Suppose -d*t + 415 = -2*t. Is t composite?
True
Suppose 0 = -4*n - 20, -5*n = 2*o - 6*n - 19047. Is o a composite number?
False
Let a be -1*(-6)/3*19. Suppose 7*b = -3 + a. Is (-1)/(-2)*(139 - b) a composite number?
False
Let n(r) = 96*r + 83. Is n(33) a prime number?
True
Let q = 13346 + -3213. Is q composite?
False
Let w(d) = -21*d**2 - 7*d + 8. Let t(p) = 21*p**2 + 7*p - 7. Let g(l) = 3*t(l) + 2*w(l). Let s be 22/6 - -2 - 1/(-3). Is g(s) composite?
True
Suppose -5136 = -6*k + 1740. Let t = k - 375. Is t a composite number?
True
Suppose 3*k + 10 - 79 = 0. Suppose k*o - 1228 = 19*o. Is o composite?
False
Let c be (834/8)/(3/24). Let w = -437 + c. Is w a composite number?
False
Suppose -1327345 = -11*k - 419526. Is k a composite number?
False
Let w be (2 - 0) + 8 + -2. Suppose -9*q = -4*q - 25. Suppose -4*i - 459 = -q*g - w*i, 0 = 4*g - 3*i - 392. Is g a composite number?
True
Let t = -1708 + 2768. Let q be (-2 - 0) + -3 + t. Suppose -q = -17*c + 12*c. Is c prime?
True
Suppose 0 = -24*h + 69805 + 4811. Is h composite?
False
Let o = 28 + -17. Let d = -11 + o. Suppose 5*x - 547 - 68 = d. Is x a prime number?
False
Suppose 3*s - 5*y = 2237, -2*y + 3749 = 45*s - 40*s. Is s a prime number?
False
Let b(v) = -v + 5. Let c be b(5). Suppose 2*k - m - 3 = -c*k, -2 = -3*k + 4*m. Is k/((-1)/(47/(-2))) a prime number?
True
Let u(x) = 782*x**3 - 3*x**2 - 5*x + 13. Is u(2) a composite number?
False
Suppose 0 = -5*u - 3*o + 2*o + 218, -3*u + 4*o + 117 = 0. Suppose 27*y = 2*a + 29*y + 3034, 0 = 2*a + 4*y + 3032. Let m = u - a. Is m composite?
True
Let z = -193 + 27. Let f be (-2203)/7 - 6/21. Let i = z - f. Is i composite?
False
Let q(o) = 9*o**2 - 7*o + 3. Let b be q(5). Let m be (-1 - 0)*(-51 + 7). Let p = b - m. Is p composite?
False
Let h(q) = q + 1. Let k(c) = 198*c - 7. Let g(i) = -6*h(i) + k(i). Is g(2) a composite number?
True
Suppose 2*j + 12 + 11 = 3*p, 26 = 2*p - 4*j. Suppose 6*z = 3*z - 4*m + 4285, -p*m + 2866 = 2*z. Suppose 222 = 5*c - z. Is c a composite number?
True
Let t(w) = 13*w**3 - 44*w**2 - 9*w + 11. Let s(k) = 6*k**3 - 22*k**2 - 4*k + 5. Let m(x) = 9*s(x) - 4*t(x). Is m(15) prime?
True
Let w(y) = -y**2 - 52*y - 62. Is w(-7) a prime number?
False
Let c = 449 - 292. Is c composite?
False
Let v = -1275 + 1972. Is v composite?
True
Let u be -22*(-1)/(-6)*-3. Suppose -10*q = -u*q + 4201. Is q prime?
True
Let m = 42 + -42. Is 314 + m*(-2 - -1) prime?
False
Let q be -16 + 4*9/12. Let y = 18 + q. Suppose 0 = -y*p + 4*x + 583, 3*p - 5*x - 125 = 2*p. Is p prime?
False
Let g(q) = -9*q - 11. Suppose 56 = -j - 3*j. Is g(j) prime?
False
Suppose -8 = -2*q + 3*w + 28, w = -5*q + 56. Let m be (239 - 2) + q/3. Is (-4 + 5)*-2 + m a prime number?
True
Suppose -5*z - 376 = -z. Let n = z - -203. Is n a prime number?
True
Let a(d) = -148*d**3 - d - 1. Let x be a(-1). Let m = -894 - -945. Let r = x - m. Is r prime?
True
Let w be -3 + (-52)/(-20) - (-21644)/10. Is w - -9*1/(-3) a composite number?
False
Let n be (-2 + 2)/((-1)/(-1)). Suppose 5*m + 0 + 30 = n. Is 279/9*m/(-2) prime?
False
Suppose -3*s - 5*k - 2456 + 10742 = 0, 3*s - 8286 = -k. Is s composite?
True
Let k(i) = -593*i - 202. Is k(-33) a composite number?
True
Is ((-9)/(63/(-4)))/((-6)/(-108759)) a prime number?
False
Let x = -13 - -6. Let r(n) = 37*n**2 - 5*n + 7. Let y be r(x). Suppose -15*g + 20*g = y. Is g composite?
True
Let z(d) = 2046*d + 63. Let o(i) = 1364*i + 42. Let n(c) = 7*o(c) - 5*z(c). Is n(-5) a composite number?
False
Let z(k) = 2*k**3 - 5*k + 4*k + 7 - 3*k - 3*k**2 - 4*k. Is z(4) a composite number?
True
Suppose 83 = 4*q + 15. Let z(t) = 4*t**2 - 15*t. Is z(q) a composite number?
True
Let z(p) = 2*p**2 + 7*p. Let d(r) = -2*r - 7. Suppose -3*l + 2*l = 0. Let o be d(l). Is z(o) a composite number?
True
Let r(f) = -f**2 + 15*f + 1 - 5*f + 7*f + 5*f. Is r(16) a prime number?
True
Is (-30460)/15*27/(-18) prime?
False
Suppose 18*w - 7042 = 4*w. Is w a prime number?
True
Let h(s) be the second derivative of 127*s**6/720 + 3*s**5/40 - 2*s**4/3 + 5*s. Let l(d) be the third derivative of h(d). Is l(4) a composite number?
True
Suppose 0 = -4*o - 2*i + 1970, 0 = -16*i + 15*i - 1. Is o a composite number?
True
Let d(i) = 25*i**3 - i**2 - 5*i + 2. Let k be d(2). Let m = -77 + k. Is m composite?
True
Suppose 0 = -3*t + 8*t - 20. Suppose 0 = 4*i + 2*s - 2131 - 4791, i - 1753 = t*s. Is i a prime number?
True
Suppose 0 = f + 7*f - 1768. Is f*1 - 0/9 a composite number?
True
Suppose -381 = -4*m + 7*m. Let r = m - -238. Is r composite?
True
Suppose 7*i = 42*i - 74